at is -3 + 56?
53
In base 2, what is 11 + 100?
111
In base 13, what is -5ca - -2?
-5c8
In base 3, what is -1022 + -122?
-1221
In base 4, what is 10320 - -202?
11122
In base 6, what is 13151 + -11?
13140
In base 3, what is 2 + -12012021?
-12012012
In base 12, what is 15a + -4?
156
In base 16, what is b9 + 5?
be
In base 5, what is -13 - -103?
40
In base 10, what is 3 - 673?
-670
In base 15, what is 4 + 1e6?
1ea
In base 3, what is -2210 + 21?
-2112
In base 6, what is -32 - 2405?
-2441
In base 8, what is 450 - 6?
442
In base 2, what is 1111111 - -111?
10000110
In base 6, what is 1 + -4?
-3
In base 6, what is 3 - 11?
-4
In base 2, what is 10 - -101010?
101100
In base 2, what is 1000 - 1000?
0
In base 3, what is -201 + 122?
-2
In base 10, what is 43 - -52?
95
In base 4, what is -3 + -202?
-211
In base 9, what is 63 + 337?
411
In base 15, what is 1bd - -5?
1c3
In base 11, what is -26 - -4?
-22
In base 9, what is -2410 + 17?
-2382
In base 2, what is 101 + -100110000?
-100101011
In base 12, what is -28 - 71?
-99
In base 13, what is 2 + 3?
5
In base 9, what is 11 + -557?
-546
In base 15, what is 1 - -108?
109
In base 10, what is 70 - -3?
73
In base 16, what is -da - 19?
-f3
In base 6, what is 44 + -12?
32
In base 3, what is 11 - 201001?
-200220
In base 8, what is 243712 + -2?
243710
In base 16, what is 1c - -d?
29
In base 12, what is -11 - -288?
277
In base 3, what is -100 + -1121?
-1221
In base 14, what is 2d - -9b?
ca
In base 16, what is 7d - 8?
75
In base 13, what is -768 - -5?
-763
In base 14, what is 3609 - -3?
360c
In base 5, what is 21312 + -10?
21302
In base 11, what is -193 + -3?
-196
In base 13, what is -1 + 4c?
4b
In base 8, what is -17 + -41?
-60
In base 8, what is 2651 - -1?
2652
In base 15, what is -5 - 671?
-676
In base 10, what is -3 + -93?
-96
In base 5, what is 4 + -2140?
-2131
In base 5, what is -14 - -22?
3
In base 12, what is 38 + -4?
34
In base 11, what is a599 - 1?
a598
In base 11, what is 18 - 5?
13
In base 12, what is -5 - 86?
-8b
In base 6, what is 1251 + 3?
1254
In base 3, what is 11 - -2?
20
In base 12, what is -89 + -43?
-110
In base 6, what is 52 - -22?
114
In base 9, what is 1222 - -4?
1226
In base 6, what is 0 - 22400?
-22400
In base 6, what is 2000 - -1?
2001
In base 2, what is -11010010010 - -11?
-11010001111
In base 4, what is -11303 + 10?
-11233
In base 4, what is 33 - -3?
102
In base 13, what is -3 + 21?
1b
In base 6, what is 1 - 2112?
-2111
In base 2, what is -10 + 1111?
1101
In base 13, what is -b3 - -5?
-ab
In base 5, what is -1010 + -42?
-1102
In base 2, what is -101 + 101?
0
In base 7, what is -134 - -4?
-130
In base 16, what is 2d + 12?
3f
In base 5, what is 4 - 10?
-1
In base 7, what is -3461 - -5?
-3453
In base 9, what is 3276 + 2?
3278
In base 7, what is -361 + -3?
-364
In base 10, what is -4384 - 4?
-4388
In base 16, what is 3 + 849?
84c
In base 15, what is 14d - 4?
149
In base 14, what is 1 + -182?
-181
In base 12, what is -5 - a02?
-a07
In base 11, what is 68a4 - -3?
68a7
In base 9, what is -17 + 1077?
1060
In base 2, what is -1010100 + 10001111?
111011
In base 9, what is -2 - 363?
-365
In base 15, what is -3b98 - 2?
-3b9a
In base 11, what is 210 - 5?
206
In base 6, what is 5 - -431?
440
In base 14, what is 0 - -1?
1
In base 7, what is 3 - 42?
-36
In base 8, what is 0 + 10?
10
In base 4, what is -23 + -31122?
-31211
In base 8, what is 4 + -52?
-46
In base 13, what is -1b7b + 2?
-1b79
In base 16, what is -2c5 + -1?
-2c6
In base 11, what is 0 - 3368?
-3368
In base 10, what is 15 + -6?
9
In base 7, what is 61 + -1415?
-1324
In base 8, what is 3 - -14?
17
In base 9, what is -423 + -30?
-453
In base 10, what is 636 - -2?
638
In base 12, what is 21 - 52?
-31
In base 8, what is 4734 - 5?
4727
In base 12, what is -5 - -1a?
15
In base 15, what is -49 + -33?
-7c
In base 7, what is -5 + -6?
-14
In base 15, what is 5b + -8?
53
In base 4, what is 11300103 + 0?
11300103
In base 2, what is 101 - 111?
-10
In base 3, what is 12 - 1001?
-212
In base 9, what is 166 + 4?
171
In base 12, what is 2 + 156?
158
In base 9, what is 62672 + -3?
62668
In base 9, what is 2 - 541?
-538
In base 7, what is 2 - 606?
-604
In base 9, what is -2128 - 5?
-2134
In base 5, what is 4140 - 0?
4140
In base 5, what is -332 + 212?
-120
In base 10, what is -3 - -19?
16
In base 4, what is -11 - 2013?
-2030
In base 3, what is -1 + 11000?
10222
In base 10, what is -186 + -2?
-188
In base 15, what is -8 - 2e?
-37
In base 14, what is 3 + 66?
69
In base 16, what is 2 + 2d8?
2da
In base 10, what is -792 + 3?
-789
In base 6, what is -10 - -15543?
15533
In base 13, what is 3a - -1a0?
20a
In base 4, what is 120 - -122122?
122302
In base 6, what is 25 - 331?
-302
In base 6, what is 20 - 23?
-3
In base 14, what is -5 + 62?
5b
In base 15, what is 6 - -3b?
42
In base 13, what is 1cc0 + -4?
1cb9
In base 9, what is 1568 + -1?
1567
In base 16, what is 3 + -1e?
-1b
In base 11, what is 1 + 2750?
2751
In base 13, what is 3c + 21?
60
In base 2, what is -101 - -1000000?
111011
In base 3, what is 22011011 + -10?
22011001
In base 12, what is 1 - -49?
4a
In base 6, what is 3 - -14132?
14135
In base 13, what is 36b2 + 2?
36b4
In base 2, what is -1 - -1010100011?
1010100010
In base 13, what is -30 + -c6?
-126
In base 4, what is -1000 + -12?
-1012
In base 13, what is 3 - -415?
418
In base 2, what is 100111011 - 10011?
100101000
In base 10, what is -488 + 5?
-483
In base 10, what is 8061 - -3?
8064
In base 16, what is 9 + 8cf?
8d8
In base 2, what is 111 - -10100101?
10101100
In base 9, what is 0 - -238?
238
In base 11, what is 687 + 1?
688
In base 8, what is -412 - 4?
-416
In base 3, what is -12 + 222?
210
In base 10, what is 25114 - 2?
25112
In base 2, what is 1001000010010 - 1?
1001000010001
In base 9, what is -5 + -140?
-145
In base 11, what is -533 + -2?
-535
In base 10, what is 36 + -4?
32
In base 15, what is d - -45?
53
In base 10, what is 475 - 18?
457
In base 13, what is 20 + 6?
26
In base 6, what is 3 + 3020?
3023
In base 13, what is 0 + -354?
-354
In base 10, what is -21 + -333?
-354
In base 6, what is 5 - 1514?
-1505
In base 14, what is -4 + 3?
-1
In base 13, what is 1c - -a?
29
In base 10, what is -31 + 32?
1
In base 3, what is -122 - 12?
-211
In base 12, what is -149 + 0?
-149
In base 2, what is -100110110 - 110?
-100111100
In base 2, what is 100101 - 101?
100000
In base 3, what is -12 + -102111?
-102200
In base 5, what is -2 - 222?
-224
In base 11, what is -2a + 277?
248
In base 9, what is 2107 - -17?
2125
In base 7, what is 5 - 315?
-310
In base 2, what is 1 - 1011101000?
-1011100111
In base 6, what is -5 + -23040?
-23045
In base 6, what is 5 - 2012?
-2003
In base 11, what is 7 - 5?
2
In base 6, what is 35 - 13?
22
In base 7, what is -2456 - 0?
-2456
In base 5, what is -2100 - 30?
-2130
In base 10, what is 3731 + -5?
3726
In base 16, what is 127 + 0?
127
In base 4, what is -1 + 2?
1
In base 6, what is -5 + -1252?
-1301
In base 4, what is 21 - -3312?
3333
In base 4, what is 2 - -11311?
11313
In base 2, what is -11010 + 100001101?
11110011
In base 8, what is 3 + -170?
-165
In base 7, what is -3 + -5120?
-5123
In base 15, what is 1 + -33c?
-33b
In base 11, what is -547 + -1?
-548
In base 13, what is -6 - 125?
-12b
In base 2, what is -1001000 - 110011?
-1111011
In base 2, what is -1101011 - -1100?
-1011111
In base 8, what is 17 - -17?
36
In base 3, what is 2 - 110020202?
-110020200
In base 10, what is 2 - -377?
379
In base 15, what is -485 + 10?
-475
In base 9, what is 356 + 58?
425
In base 7, what is 46 + -1?
45
In base 4, what is 200 + 11?
211
In base 12, what is a5 - -3?
a8
In base 13, what is -1 + 81?
80
In base 14, what is 10 - 107?
-d7
In base 10, what is 24 - -42?
66
In base 11, what is 25a15 + 1?
25a16
In base 4, what is 10 + 21300?
21310
In base 5, what is 1130 + 342?
2022
In base 8, what is 0 + -173?
-173
In base 3, what is -10 - -202211?
202201
In base 8, what is -4 + 50?
44
In base 15, what is 547 + 3?
54a
In base 8, what is 71 + 10?
101
In base 3, what is -112001 - -220?
-111011
In base 5, what is 0 + -313?
-313
In base 11, what is -1 + 7a?
79
In base 4, what is 31312 - 0?
31312
In base 4, what is 1311 + 3?
1320
In base 14, what is -92 - 1?
-93
In base 16, what is -1 - 46?
-47
In base 16, what is -58b + -2?
-58d
In base 13, what is c6 - -1?
c7
In ba